{"id":158,"date":"2015-03-16T17:12:28","date_gmt":"2015-03-16T17:12:28","guid":{"rendered":"http:\/\/www.hoteldefrance-montauban.fr\/?page_id=158"},"modified":"2019-03-03T16:49:10","modified_gmt":"2019-03-03T16:49:10","slug":"chambres-confort-standard","status":"publish","type":"page","link":"https:\/\/www.hoteldefrance-montauban.fr\/?page_id=158","title":{"rendered":"Chambres Confort standard"},"content":{"rendered":"<h5 style=\"text-align: center;\"><span style=\"color: #000000;\">L\u2019h\u00f4tel dispose de 12 chambres \u00ab Confort standard \u00bb bain\/wc, douche\/wc ou douche avec wc sur le palier, elles sont toutes \u00e9quip\u00e9es d\u2019un t\u00e9l\u00e9viseur \u00e9cran plat, d\u2019un s\u00e8che-cheveux, d&rsquo;un acc\u00e8s wifi, couvertures et oreillers suppl\u00e9mentaires.<\/span><\/h5>\n<p style=\"text-align: center;\"><div id=\"metaslider-id-879\" style=\"max-width: 600px; margin: 0 auto;\" class=\"ml-slider-3-107-0 metaslider metaslider-flex metaslider-879 ml-slider ms-theme-default nav-hidden\" role=\"region\" aria-label=\"CS\" data-height=\"450\" data-width=\"600\">\n    <div id=\"metaslider_container_879\">\n        <div id=\"metaslider_879\" class=\"flexslider\">\n            <ul class='slides'>\n                <li style=\"display: block; width: 100%;\" class=\"slide-1591 ms-image \" aria-roledescription=\"slide\" data-date=\"2025-04-17 08:31:33\" data-filename=\"IMG_20250417_183053-scaled.jpg\" data-slide-type=\"image\"><img fetchpriority=\"high\" decoding=\"async\" width=\"2560\" height=\"1920\" src=\"https:\/\/www.hoteldefrance-montauban.fr\/wp-content\/uploads\/IMG_20250417_183053-scaled.jpg\" class=\"slider-879 slide-1591 msDefaultImage\" alt=\"\" rel=\"\" title=\"IMG_20250417_183053\" style=\"margin: 0 auto; width: 100%\" srcset=\"https:\/\/www.hoteldefrance-montauban.fr\/wp-content\/uploads\/IMG_20250417_183053-scaled.jpg 2560w, https:\/\/www.hoteldefrance-montauban.fr\/wp-content\/uploads\/IMG_20250417_183053-632x474.jpg 632w, https:\/\/www.hoteldefrance-montauban.fr\/wp-content\/uploads\/IMG_20250417_183053-1020x765.jpg 1020w, https:\/\/www.hoteldefrance-montauban.fr\/wp-content\/uploads\/IMG_20250417_183053-768x576.jpg 768w, https:\/\/www.hoteldefrance-montauban.fr\/wp-content\/uploads\/IMG_20250417_183053-1536x1152.jpg 1536w, https:\/\/www.hoteldefrance-montauban.fr\/wp-content\/uploads\/IMG_20250417_183053-2048x1536.jpg 2048w, https:\/\/www.hoteldefrance-montauban.fr\/wp-content\/uploads\/IMG_20250417_183053-24x18.jpg 24w, https:\/\/www.hoteldefrance-montauban.fr\/wp-content\/uploads\/IMG_20250417_183053-36x27.jpg 36w, https:\/\/www.hoteldefrance-montauban.fr\/wp-content\/uploads\/IMG_20250417_183053-48x36.jpg 48w\" sizes=\"(max-width: 2560px) 100vw, 2560px\" \/><\/li>\n                <li style=\"display: none; width: 100%;\" class=\"slide-901 ms-image \" aria-roledescription=\"slide\" data-date=\"2018-08-10 20:22:21\" data-filename=\"cs_0083.jpg\" data-slide-type=\"image\"><img decoding=\"async\" width=\"450\" height=\"600\" src=\"https:\/\/www.hoteldefrance-montauban.fr\/wp-content\/uploads\/cs_0083.jpg\" class=\"slider-879 slide-901 msDefaultImage\" alt=\"\" rel=\"\" title=\"cs_0083\" style=\"margin: 0 auto; width: 56.25%\" srcset=\"https:\/\/www.hoteldefrance-montauban.fr\/wp-content\/uploads\/cs_0083.jpg 450w, https:\/\/www.hoteldefrance-montauban.fr\/wp-content\/uploads\/cs_0083-18x24.jpg 18w, https:\/\/www.hoteldefrance-montauban.fr\/wp-content\/uploads\/cs_0083-27x36.jpg 27w, https:\/\/www.hoteldefrance-montauban.fr\/wp-content\/uploads\/cs_0083-36x48.jpg 36w\" sizes=\"(max-width: 450px) 100vw, 450px\" \/><\/li>\n                <li style=\"display: none; width: 100%;\" class=\"slide-892 ms-image \" aria-roledescription=\"slide\" data-date=\"2018-08-10 20:16:23\" data-filename=\"cs_0072.jpg\" data-slide-type=\"image\"><img decoding=\"async\" width=\"600\" height=\"450\" src=\"https:\/\/www.hoteldefrance-montauban.fr\/wp-content\/uploads\/cs_0072.jpg\" class=\"slider-879 slide-892 msDefaultImage\" alt=\"\" rel=\"\" title=\"cs_0072\" style=\"margin: 0 auto; width: 100%\" srcset=\"https:\/\/www.hoteldefrance-montauban.fr\/wp-content\/uploads\/cs_0072.jpg 600w, https:\/\/www.hoteldefrance-montauban.fr\/wp-content\/uploads\/cs_0072-24x18.jpg 24w, https:\/\/www.hoteldefrance-montauban.fr\/wp-content\/uploads\/cs_0072-36x27.jpg 36w, https:\/\/www.hoteldefrance-montauban.fr\/wp-content\/uploads\/cs_0072-48x36.jpg 48w\" sizes=\"(max-width: 600px) 100vw, 600px\" \/><\/li>\n                <li style=\"display: none; width: 100%;\" class=\"slide-893 ms-image \" aria-roledescription=\"slide\" data-date=\"2018-08-10 20:16:23\" data-filename=\"cs_0078.jpg\" data-slide-type=\"image\"><img loading=\"lazy\" decoding=\"async\" width=\"600\" height=\"450\" src=\"https:\/\/www.hoteldefrance-montauban.fr\/wp-content\/uploads\/cs_0078.jpg\" class=\"slider-879 slide-893 msDefaultImage\" alt=\"\" rel=\"\" title=\"cs_0078\" style=\"margin: 0 auto; width: 100%\" srcset=\"https:\/\/www.hoteldefrance-montauban.fr\/wp-content\/uploads\/cs_0078.jpg 600w, https:\/\/www.hoteldefrance-montauban.fr\/wp-content\/uploads\/cs_0078-24x18.jpg 24w, https:\/\/www.hoteldefrance-montauban.fr\/wp-content\/uploads\/cs_0078-36x27.jpg 36w, https:\/\/www.hoteldefrance-montauban.fr\/wp-content\/uploads\/cs_0078-48x36.jpg 48w\" sizes=\"(max-width: 600px) 100vw, 600px\" \/><\/li>\n                <li style=\"display: none; width: 100%;\" class=\"slide-894 ms-image \" aria-roledescription=\"slide\" data-date=\"2018-08-10 20:16:23\" data-filename=\"cs_0079.jpg\" data-slide-type=\"image\"><img loading=\"lazy\" decoding=\"async\" width=\"450\" height=\"600\" src=\"https:\/\/www.hoteldefrance-montauban.fr\/wp-content\/uploads\/cs_0079.jpg\" class=\"slider-879 slide-894 msDefaultImage\" alt=\"\" rel=\"\" title=\"cs_0079\" style=\"margin: 0 auto; width: 56.25%\" srcset=\"https:\/\/www.hoteldefrance-montauban.fr\/wp-content\/uploads\/cs_0079.jpg 450w, https:\/\/www.hoteldefrance-montauban.fr\/wp-content\/uploads\/cs_0079-18x24.jpg 18w, https:\/\/www.hoteldefrance-montauban.fr\/wp-content\/uploads\/cs_0079-27x36.jpg 27w, https:\/\/www.hoteldefrance-montauban.fr\/wp-content\/uploads\/cs_0079-36x48.jpg 36w\" sizes=\"(max-width: 450px) 100vw, 450px\" \/><\/li>\n                <li style=\"display: none; width: 100%;\" class=\"slide-897 ms-image \" aria-roledescription=\"slide\" data-date=\"2018-08-10 20:16:23\" data-filename=\"cs_0095.jpg\" data-slide-type=\"image\"><img loading=\"lazy\" decoding=\"async\" width=\"600\" height=\"450\" src=\"https:\/\/www.hoteldefrance-montauban.fr\/wp-content\/uploads\/cs_0095.jpg\" class=\"slider-879 slide-897 msDefaultImage\" alt=\"\" rel=\"\" title=\"cs_0095\" style=\"margin: 0 auto; width: 100%\" srcset=\"https:\/\/www.hoteldefrance-montauban.fr\/wp-content\/uploads\/cs_0095.jpg 600w, https:\/\/www.hoteldefrance-montauban.fr\/wp-content\/uploads\/cs_0095-24x18.jpg 24w, https:\/\/www.hoteldefrance-montauban.fr\/wp-content\/uploads\/cs_0095-36x27.jpg 36w, https:\/\/www.hoteldefrance-montauban.fr\/wp-content\/uploads\/cs_0095-48x36.jpg 48w\" sizes=\"(max-width: 600px) 100vw, 600px\" \/><\/li>\n                <li style=\"display: none; width: 100%;\" class=\"slide-898 ms-image \" aria-roledescription=\"slide\" data-date=\"2018-08-10 20:16:23\" data-filename=\"cs_0096.jpg\" data-slide-type=\"image\"><img loading=\"lazy\" decoding=\"async\" width=\"450\" height=\"600\" src=\"https:\/\/www.hoteldefrance-montauban.fr\/wp-content\/uploads\/cs_0096.jpg\" class=\"slider-879 slide-898 msDefaultImage\" alt=\"\" rel=\"\" title=\"cs_0096\" style=\"margin: 0 auto; width: 56.25%\" srcset=\"https:\/\/www.hoteldefrance-montauban.fr\/wp-content\/uploads\/cs_0096.jpg 450w, https:\/\/www.hoteldefrance-montauban.fr\/wp-content\/uploads\/cs_0096-18x24.jpg 18w, https:\/\/www.hoteldefrance-montauban.fr\/wp-content\/uploads\/cs_0096-27x36.jpg 27w, https:\/\/www.hoteldefrance-montauban.fr\/wp-content\/uploads\/cs_0096-36x48.jpg 36w\" sizes=\"(max-width: 450px) 100vw, 450px\" \/><\/li>\n                <li style=\"display: none; width: 100%;\" class=\"slide-899 ms-image \" aria-roledescription=\"slide\" data-date=\"2018-08-10 20:16:23\" data-filename=\"cs_0100.jpg\" data-slide-type=\"image\"><img loading=\"lazy\" decoding=\"async\" width=\"600\" height=\"800\" src=\"https:\/\/www.hoteldefrance-montauban.fr\/wp-content\/uploads\/cs_0100.jpg\" class=\"slider-879 slide-899 msDefaultImage\" alt=\"\" rel=\"\" title=\"cs_0100\" style=\"margin: 0 auto; width: 56.25%\" srcset=\"https:\/\/www.hoteldefrance-montauban.fr\/wp-content\/uploads\/cs_0100.jpg 600w, https:\/\/www.hoteldefrance-montauban.fr\/wp-content\/uploads\/cs_0100-18x24.jpg 18w, https:\/\/www.hoteldefrance-montauban.fr\/wp-content\/uploads\/cs_0100-27x36.jpg 27w, https:\/\/www.hoteldefrance-montauban.fr\/wp-content\/uploads\/cs_0100-36x48.jpg 36w\" sizes=\"(max-width: 600px) 100vw, 600px\" \/><\/li>\n                <li style=\"display: none; width: 100%;\" class=\"slide-903 ms-image \" aria-roledescription=\"slide\" data-date=\"2018-08-10 20:26:18\" data-filename=\"cs_sb_21.jpg\" data-slide-type=\"image\"><img loading=\"lazy\" decoding=\"async\" width=\"600\" height=\"600\" src=\"https:\/\/www.hoteldefrance-montauban.fr\/wp-content\/uploads\/cs_sb_21.jpg\" class=\"slider-879 slide-903 msDefaultImage\" alt=\"\" rel=\"\" title=\"cs_sb_21\" style=\"margin: 0 auto; width: 75%\" srcset=\"https:\/\/www.hoteldefrance-montauban.fr\/wp-content\/uploads\/cs_sb_21.jpg 600w, https:\/\/www.hoteldefrance-montauban.fr\/wp-content\/uploads\/cs_sb_21-24x24.jpg 24w, https:\/\/www.hoteldefrance-montauban.fr\/wp-content\/uploads\/cs_sb_21-36x36.jpg 36w, https:\/\/www.hoteldefrance-montauban.fr\/wp-content\/uploads\/cs_sb_21-48x48.jpg 48w\" sizes=\"(max-width: 600px) 100vw, 600px\" \/><\/li>\n            <\/ul>\n        <\/div>\n        \n    <\/div>\n<\/div>\n","protected":false},"excerpt":{"rendered":"<p>L\u2019h\u00f4tel dispose de 12 chambres \u00ab Confort standard \u00bb bain\/wc, douche\/wc ou douche avec wc sur le palier, elles sont toutes \u00e9quip\u00e9es d\u2019un t\u00e9l\u00e9viseur \u00e9cran plat, d\u2019un s\u00e8che-cheveux, d&rsquo;un acc\u00e8s wifi, couvertures et oreillers suppl\u00e9mentaires.<\/p>\n","protected":false},"author":1,"featured_media":0,"parent":0,"menu_order":0,"comment_status":"closed","ping_status":"closed","template":"","meta":{"ngg_post_thumbnail":0,"footnotes":""},"class_list":["post-158","page","type-page","status-publish","hentry"],"_links":{"self":[{"href":"https:\/\/www.hoteldefrance-montauban.fr\/index.php?rest_route=\/wp\/v2\/pages\/158","targetHints":{"allow":["GET"]}}],"collection":[{"href":"https:\/\/www.hoteldefrance-montauban.fr\/index.php?rest_route=\/wp\/v2\/pages"}],"about":[{"href":"https:\/\/www.hoteldefrance-montauban.fr\/index.php?rest_route=\/wp\/v2\/types\/page"}],"author":[{"embeddable":true,"href":"https:\/\/www.hoteldefrance-montauban.fr\/index.php?rest_route=\/wp\/v2\/users\/1"}],"replies":[{"embeddable":true,"href":"https:\/\/www.hoteldefrance-montauban.fr\/index.php?rest_route=%2Fwp%2Fv2%2Fcomments&post=158"}],"version-history":[{"count":11,"href":"https:\/\/www.hoteldefrance-montauban.fr\/index.php?rest_route=\/wp\/v2\/pages\/158\/revisions"}],"predecessor-version":[{"id":943,"href":"https:\/\/www.hoteldefrance-montauban.fr\/index.php?rest_route=\/wp\/v2\/pages\/158\/revisions\/943"}],"wp:attachment":[{"href":"https:\/\/www.hoteldefrance-montauban.fr\/index.php?rest_route=%2Fwp%2Fv2%2Fmedia&parent=158"}],"curies":[{"name":"wp","href":"https:\/\/api.w.org\/{rel}","templated":true}]}}